[INFO] cloning repository https://github.com/arjunpur/rusty-visuals
[INFO] running `Command { std: "git" "-c" "credential.helper=" "-c" "credential.helper=/workspace/cargo-home/bin/git-credential-null" "clone" "--bare" "https://github.com/arjunpur/rusty-visuals" "/workspace/cache/git-repos/https%3A%2F%2Fgithub.com%2Farjunpur%2Frusty-visuals", kill_on_drop: false }`
[INFO] [stderr] Cloning into bare repository '/workspace/cache/git-repos/https%3A%2F%2Fgithub.com%2Farjunpur%2Frusty-visuals'...
[INFO] running `Command { std: "git" "rev-parse" "HEAD", kill_on_drop: false }`
[INFO] [stdout] 418b13d38acc901d73e1ded3d08d02e7854dc256
[INFO] checking arjunpur/rusty-visuals against master#e6e4f7ed1589e03bc2f6c5931c1a72e7947e8682 for beta-170-4
[INFO] running `Command { std: "git" "clone" "/workspace/cache/git-repos/https%3A%2F%2Fgithub.com%2Farjunpur%2Frusty-visuals" "/workspace/builds/worker-4-tc2/source", kill_on_drop: false }`
[INFO] [stderr] Cloning into '/workspace/builds/worker-4-tc2/source'...
[INFO] [stderr] done.
[INFO] validating manifest of git repo https://github.com/arjunpur/rusty-visuals on toolchain e6e4f7ed1589e03bc2f6c5931c1a72e7947e8682
[INFO] running `Command { std: CARGO_HOME="/workspace/cargo-home" RUSTUP_HOME="/workspace/rustup-home" "/workspace/cargo-home/bin/cargo" "+e6e4f7ed1589e03bc2f6c5931c1a72e7947e8682" "metadata" "--manifest-path" "Cargo.toml" "--no-deps", kill_on_drop: false }`
[INFO] started tweaking git repo https://github.com/arjunpur/rusty-visuals
[INFO] finished tweaking git repo https://github.com/arjunpur/rusty-visuals
[INFO] tweaked toml for git repo https://github.com/arjunpur/rusty-visuals written to /workspace/builds/worker-4-tc2/source/Cargo.toml
[INFO] crate git repo https://github.com/arjunpur/rusty-visuals already has a lockfile, it will not be regenerated
[INFO] running `Command { std: CARGO_HOME="/workspace/cargo-home" RUSTUP_HOME="/workspace/rustup-home" "/workspace/cargo-home/bin/cargo" "+e6e4f7ed1589e03bc2f6c5931c1a72e7947e8682" "fetch" "--manifest-path" "Cargo.toml", kill_on_drop: false }`
[INFO] running `Command { std: "docker" "create" "-v" "/var/lib/crater-agent-workspace/builds/worker-4-tc2/target:/opt/rustwide/target:rw,Z" "-v" "/var/lib/crater-agent-workspace/builds/worker-4-tc2/source:/opt/rustwide/workdir:ro,Z" "-v" "/var/lib/crater-agent-workspace/cargo-home:/opt/rustwide/cargo-home:ro,Z" "-v" "/var/lib/crater-agent-workspace/rustup-home:/opt/rustwide/rustup-home:ro,Z" "-e" "SOURCE_DIR=/opt/rustwide/workdir" "-e" "CARGO_TARGET_DIR=/opt/rustwide/target" "-e" "CARGO_HOME=/opt/rustwide/cargo-home" "-e" "RUSTUP_HOME=/opt/rustwide/rustup-home" "-w" "/opt/rustwide/workdir" "-m" "1610612736" "--user" "0:0" "--network" "none" "ghcr.io/rust-lang/crates-build-env/linux@sha256:19e73879b68f455e41552ea35293514db52ea292d993f571636dbffedb77a1ee" "/opt/rustwide/cargo-home/bin/cargo" "+e6e4f7ed1589e03bc2f6c5931c1a72e7947e8682" "metadata" "--no-deps" "--format-version=1", kill_on_drop: false }`
[INFO] [stdout] 107530e9d0b905fc67266b805f8d32084e8b0f503031c1947cf6df7a3d1d15f0
[INFO] running `Command { std: "docker" "start" "-a" "107530e9d0b905fc67266b805f8d32084e8b0f503031c1947cf6df7a3d1d15f0", kill_on_drop: false }`
[INFO] running `Command { std: "docker" "inspect" "107530e9d0b905fc67266b805f8d32084e8b0f503031c1947cf6df7a3d1d15f0", kill_on_drop: false }`
[INFO] running `Command { std: "docker" "rm" "-f" "107530e9d0b905fc67266b805f8d32084e8b0f503031c1947cf6df7a3d1d15f0", kill_on_drop: false }`
[INFO] [stdout] 107530e9d0b905fc67266b805f8d32084e8b0f503031c1947cf6df7a3d1d15f0
[INFO] running `Command { std: "docker" "create" "-v" "/var/lib/crater-agent-workspace/builds/worker-4-tc2/target:/opt/rustwide/target:rw,Z" "-v" "/var/lib/crater-agent-workspace/builds/worker-4-tc2/source:/opt/rustwide/workdir:ro,Z" "-v" "/var/lib/crater-agent-workspace/cargo-home:/opt/rustwide/cargo-home:ro,Z" "-v" "/var/lib/crater-agent-workspace/rustup-home:/opt/rustwide/rustup-home:ro,Z" "-e" "SOURCE_DIR=/opt/rustwide/workdir" "-e" "CARGO_TARGET_DIR=/opt/rustwide/target" "-e" "CARGO_INCREMENTAL=0" "-e" "RUST_BACKTRACE=full" "-e" "RUSTFLAGS=--cap-lints=forbid" "-e" "RUSTDOCFLAGS=--cap-lints=forbid" "-e" "CARGO_HOME=/opt/rustwide/cargo-home" "-e" "RUSTUP_HOME=/opt/rustwide/rustup-home" "-w" "/opt/rustwide/workdir" "-m" "1610612736" "--user" "0:0" "--network" "none" "ghcr.io/rust-lang/crates-build-env/linux@sha256:19e73879b68f455e41552ea35293514db52ea292d993f571636dbffedb77a1ee" "/opt/rustwide/cargo-home/bin/cargo" "+e6e4f7ed1589e03bc2f6c5931c1a72e7947e8682" "check" "--frozen" "--all" "--all-targets" "--message-format=json", kill_on_drop: false }`
[INFO] [stdout] 4495ae717dd7b47c9d7b0cdb83f21bc36281aeafa6141954fae58d288053200e
[INFO] running `Command { std: "docker" "start" "-a" "4495ae717dd7b47c9d7b0cdb83f21bc36281aeafa6141954fae58d288053200e", kill_on_drop: false }`
[INFO] [stderr]    Compiling autocfg v1.0.0
[INFO] [stderr]    Compiling libc v0.2.108
[INFO] [stderr]    Compiling proc-macro2 v1.0.26
[INFO] [stderr]    Compiling syn v1.0.80
[INFO] [stderr]    Compiling version_check v0.9.3
[INFO] [stderr]     Checking once_cell v1.8.0
[INFO] [stderr]     Checking libloading v0.7.2
[INFO] [stderr]    Compiling byteorder v1.3.4
[INFO] [stderr]    Compiling maybe-uninit v2.0.0
[INFO] [stderr]    Compiling pkg-config v0.3.17
[INFO] [stderr]    Compiling num-traits v0.2.14
[INFO] [stderr]    Compiling memoffset v0.6.4
[INFO] [stderr]    Compiling crossbeam-utils v0.7.2
[INFO] [stderr]    Compiling memoffset v0.5.4
[INFO] [stderr]     Checking smallvec v1.6.1
[INFO] [stderr]    Compiling crossbeam-epoch v0.8.2
[INFO] [stderr]    Compiling quote v1.0.7
[INFO] [stderr]    Compiling ahash v0.7.6
[INFO] [stderr]    Compiling serde v1.0.111
[INFO] [stderr]     Checking ppv-lite86 v0.2.8
[INFO] [stderr]    Compiling xml-rs v0.8.3
[INFO] [stderr]    Compiling crossbeam-utils v0.8.5
[INFO] [stderr]     Checking getrandom v0.2.3
[INFO] [stderr]     Checking num_cpus v1.13.0
[INFO] [stderr]    Compiling getrandom v0.1.14
[INFO] [stderr]     Checking crossbeam-deque v0.7.3
[INFO] [stderr]    Compiling wayland-sys v0.28.6
[INFO] [stderr]    Compiling num-integer v0.1.44
[INFO] [stderr]    Compiling wayland-scanner v0.28.6
[INFO] [stderr]    Compiling rayon-core v1.7.0
[INFO] [stderr]     Checking hashbrown v0.11.2
[INFO] [stderr]     Checking crossbeam-queue v0.2.2
[INFO] [stderr]    Compiling indexmap v1.7.0
[INFO] [stderr]     Checking dlib v0.5.0
[INFO] [stderr]     Checking instant v0.1.9
[INFO] [stderr]    Compiling futures-core v0.3.18
[INFO] [stderr]     Checking either v1.5.3
[INFO] [stderr]     Checking parking_lot_core v0.8.5
[INFO] [stderr]     Checking rand_core v0.5.1
[INFO] [stderr]     Checking nix v0.20.2
[INFO] [stderr]    Compiling nom v7.1.0
[INFO] [stderr]    Compiling miniz_oxide v0.4.4
[INFO] [stderr]     Checking adler32 v1.0.4
[INFO] [stderr]    Compiling futures-task v0.3.18
[INFO] [stderr]    Compiling khronos-egl v4.1.0
[INFO] [stderr]    Compiling crossbeam-epoch v0.9.5
[INFO] [stderr]    Compiling crc32fast v1.2.0
[INFO] [stderr]     Checking bit-vec v0.6.3
[INFO] [stderr]    Compiling futures-channel v0.3.18
[INFO] [stderr]     Checking bit-set v0.5.2
[INFO] [stderr]     Checking codespan-reporting v0.11.1
[INFO] [stderr]     Checking rayon v1.3.0
[INFO] [stderr]    Compiling wayland-client v0.28.6
[INFO] [stderr]     Checking parking_lot v0.11.2
[INFO] [stderr]    Compiling rand_core v0.6.3
[INFO] [stderr]     Checking raw-window-handle v0.3.3
[INFO] [stderr]     Checking euclid v0.22.6
[INFO] [stderr]     Checking spirv v0.2.0+1.5.4
[INFO] [stderr]     Checking fxhash v0.2.1
[INFO] [stderr]    Compiling num-rational v0.3.2
[INFO] [stderr]    Compiling num-iter v0.1.42
[INFO] [stderr]     Checking gpu-alloc-types v0.2.0
[INFO] [stderr]     Checking gpu-descriptor-types v0.1.1
[INFO] [stderr]     Checking futures-sink v0.3.18
[INFO] [stderr]     Checking arrayvec v0.5.1
[INFO] [stderr]    Compiling futures-util v0.3.18
[INFO] [stderr]    Compiling crossbeam-queue v0.3.2
[INFO] [stderr]     Checking ttf-parser v0.6.2
[INFO] [stderr]     Checking downcast-rs v1.1.1
[INFO] [stderr]    Compiling nix v0.18.0
[INFO] [stderr]    Compiling libloading v0.6.2
[INFO] [stderr]     Checking minimal-lexical v0.2.1
[INFO] [stderr]     Checking hexf-parse v0.2.1
[INFO] [stderr]     Checking weezl v0.1.5
[INFO] [stderr]    Compiling cfg_aliases v0.1.1
[INFO] [stderr]     Checking scoped-tls v1.0.0
[INFO] [stderr]    Compiling wgpu-core v0.11.2
[INFO] [stderr]    Compiling rand_chacha v0.3.1
[INFO] [stderr]     Checking lyon_geom v0.17.6
[INFO] [stderr]     Checking jpeg-decoder v0.1.22
[INFO] [stderr]     Checking owned_ttf_parser v0.6.0
[INFO] [stderr]     Checking gpu-descriptor v0.2.2
[INFO] [stderr]     Checking gpu-alloc v0.5.2
[INFO] [stderr]     Checking wayland-commons v0.28.6
[INFO] [stderr]    Compiling wayland-protocols v0.28.6
[INFO] [stderr]     Checking miniz_oxide v0.3.6
[INFO] [stderr]     Checking deflate v0.8.4
[INFO] [stderr]     Checking rand_chacha v0.2.2
[INFO] [stderr]     Checking approx v0.3.2
[INFO] [stderr]     Checking ash v0.33.3+1.2.191
[INFO] [stderr]     Checking wgpu-types v0.11.0
[INFO] [stderr]    Compiling palette v0.5.0
[INFO] [stderr]     Checking inplace_it v0.3.3
[INFO] [stderr]     Checking same-file v1.0.6
[INFO] [stderr]     Checking ab_glyph_rasterizer v0.1.5
[INFO] [stderr]     Checking futures-io v0.3.18
[INFO] [stderr]     Checking pin-project-lite v0.2.7
[INFO] [stderr]     Checking profiling v1.0.4
[INFO] [stderr]     Checking glow v0.11.0
[INFO] [stderr]     Checking arrayvec v0.7.2
[INFO] [stderr]     Checking renderdoc-sys v0.7.1
[INFO] [stderr]    Compiling proc-macro-hack v0.5.19
[INFO] [stderr]    Compiling phf_shared v0.9.0
[INFO] [stderr]     Checking gif v0.11.3
[INFO] [stderr]     Checking rusttype v0.9.2
[INFO] [stderr]     Checking walkdir v2.3.1
[INFO] [stderr]     Checking xcursor v0.3.4
[INFO] [stderr]     Checking png v0.16.8
[INFO] [stderr]     Checking rand v0.7.3
[INFO] [stderr]     Checking crossbeam-deque v0.8.1
[INFO] [stderr]     Checking rand v0.8.4
[INFO] [stderr]     Checking tiff v0.6.1
[INFO] [stderr]     Checking lyon_path v0.17.7
[INFO] [stderr]     Checking crossbeam-channel v0.5.1
[INFO] [stderr]    Compiling serde_derive v1.0.111
[INFO] [stderr]    Compiling thiserror-impl v1.0.30
[INFO] [stderr]    Compiling futures-macro v0.3.18
[INFO] [stderr]    Compiling palette_derive v0.5.0
[INFO] [stderr]    Compiling x11-dl v2.18.5
[INFO] [stderr]     Checking thiserror v1.0.30
[INFO] [stderr]     Checking naga v0.7.1
[INFO] [stderr]     Checking xdg v2.2.0
[INFO] [stderr]     Checking copyless v0.1.5
[INFO] [stderr]    Compiling ryu v1.0.5
[INFO] [stderr]     Checking bytemuck v1.2.0
[INFO] [stderr]     Checking andrew v0.3.1
[INFO] [stderr]     Checking image v0.23.14
[INFO] [stderr]     Checking calloop v0.6.5
[INFO] [stderr]    Compiling toml v0.5.6
[INFO] [stderr]     Checking crossbeam v0.8.1
[INFO] [stderr]    Compiling phf_generator v0.9.1
[INFO] [stderr]     Checking dlib v0.4.2
[INFO] [stderr]     Checking wayland-cursor v0.28.6
[INFO] [stderr]     Checking futures-executor v0.3.18
[INFO] [stderr]     Checking memmap2 v0.1.0
[INFO] [stderr]     Checking mio v0.7.14
[INFO] [stderr]     Checking sid v0.6.1
[INFO] [stderr]     Checking float_next_after v0.1.5
[INFO] [stderr]     Checking siphasher v0.3.3
[INFO] [stderr]    Compiling winit v0.25.0
[INFO] [stderr]     Checking lyon_algorithms v0.17.7
[INFO] [stderr]     Checking lyon_tessellation v0.17.10
[INFO] [stderr]     Checking mio-misc v1.2.1
[INFO] [stderr]    Compiling phf_macros v0.9.0
[INFO] [stderr]     Checking futures v0.3.18
[INFO] [stderr]    Compiling find-crate v0.6.3
[INFO] [stderr]     Checking wgpu-hal v0.11.4
[INFO] [stderr]     Checking rand_xorshift v0.2.0
[INFO] [stderr]     Checking num-traits v0.1.43
[INFO] [stderr]     Checking ordered-float v1.0.2
[INFO] [stderr]     Checking stb_truetype v0.3.1
[INFO] [stderr]     Checking linked-hash-map v0.5.3
[INFO] [stderr]    Compiling palette v0.6.0
[INFO] [stderr]     Checking percent-encoding v2.1.0
[INFO] [stderr]     Checking itoa v0.4.5
[INFO] [stderr]     Checking rustc-hash v1.1.0
[INFO] [stderr]     Checking lyon v0.17.10
[INFO] [stderr]     Checking rusttype v0.8.3
[INFO] [stderr]    Compiling palette_derive v0.6.0
[INFO] [stderr]     Checking smithay-client-toolkit v0.12.3
[INFO] [stderr]     Checking noise v0.7.0
[INFO] [stderr]     Checking time v0.1.44
[INFO] [stderr]     Checking approx v0.5.0
[INFO] [stderr]     Checking pennereq v0.3.1
[INFO] [stderr]     Checking phf v0.9.0
[INFO] [stderr]     Checking notosans v0.1.0
[INFO] [stderr]     Checking find_folder v0.3.0
[INFO] [stderr]     Checking chrono v0.4.19
[INFO] [stderr]     Checking itertools v0.9.0
[INFO] [stderr]     Checking hello-world v0.1.0 (/opt/rustwide/workdir/hello-world)
[INFO] [stderr]     Checking glam v0.17.3
[INFO] [stderr]     Checking serde_json v1.0.53
[INFO] [stderr]     Checking geo v0.4.13
[INFO] [stderr]     Checking line_intersection v0.4.0
[INFO] [stderr]     Checking wgpu v0.11.0
[INFO] [stderr]     Checking nannou_core v0.18.0
[INFO] [stderr]     Checking nannou_mesh v0.18.0
[INFO] [stderr]     Checking nannou_wgpu v0.18.0
[INFO] [stderr]     Checking nannou v0.18.1
[INFO] [stderr]     Checking rusty-visuals v0.1.0 (/opt/rustwide/workdir/rusty-visuals)
[INFO] [stdout] warning: unused imports: `CellIndex`, `Grid`
[INFO] [stdout]    --> rusty-visuals/src/grid.rs:174:17
[INFO] [stdout]     |
[INFO] [stdout] 174 |     use super::{CellIndex, Grid};
[INFO] [stdout]     |                 ^^^^^^^^^  ^^^^
[INFO] [stdout]     |
[INFO] [stdout]     = note: `#[warn(unused_imports)]` on by default
[INFO] [stdout] 
[INFO] [stdout] 
[INFO] [stdout] warning: unused import: `nannou::prelude::*`
[INFO] [stdout]    --> rusty-visuals/src/grid.rs:175:9
[INFO] [stdout]     |
[INFO] [stdout] 175 |     use nannou::prelude::*;
[INFO] [stdout]     |         ^^^^^^^^^^^^^^^^^^
[INFO] [stdout] 
[INFO] [stdout] 
[INFO] [stdout] warning: method `get_cell_by_index` is never used
[INFO] [stdout]    --> rusty-visuals/src/grid.rs:113:8
[INFO] [stdout]     |
[INFO] [stdout] 66  | impl Grid {
[INFO] [stdout]     | --------- method in this implementation
[INFO] [stdout] ...
[INFO] [stdout] 113 |     fn get_cell_by_index(&self, row: usize, col: usize) -> Option<&Cell> {
[INFO] [stdout]     |        ^^^^^^^^^^^^^^^^^
[INFO] [stdout]     |
[INFO] [stdout]     = note: `#[warn(dead_code)]` on by default
[INFO] [stdout] 
[INFO] [stdout] 
[INFO] [stdout] error[E0308]: mismatched types
[INFO] [stdout]    --> rusty-visuals/src/grid.rs:181:30
[INFO] [stdout]     |
[INFO] [stdout] 181 |         let grid = Grid::new(&rect, &grid_cells);
[INFO] [stdout]     |                    --------- ^^^^^ expected `Rect`, found `&Rect<{float}>`
[INFO] [stdout]     |                    |
[INFO] [stdout]     |                    arguments to this function are incorrect
[INFO] [stdout]     |
[INFO] [stdout]     = note: expected struct `nannou::geom::Rect`
[INFO] [stdout]             found reference `&nannou::geom::Rect<{float}>`
[INFO] [stdout] note: associated function defined here
[INFO] [stdout]    --> rusty-visuals/src/grid.rs:70:12
[INFO] [stdout]     |
[INFO] [stdout] 70  |     pub fn new(bounding_rect: Rect, num_cells: &CellIndex) -> Self {
[INFO] [stdout]     |            ^^^ -------------------
[INFO] [stdout] help: consider removing the borrow
[INFO] [stdout]     |
[INFO] [stdout] 181 -         let grid = Grid::new(&rect, &grid_cells);
[INFO] [stdout] 181 +         let grid = Grid::new(rect, &grid_cells);
[INFO] [stdout]     |
[INFO] [stdout] 
[INFO] [stdout] 
[INFO] [stdout] warning: 3 warnings emitted
[INFO] [stdout] 
[INFO] [stdout] 
[INFO] [stdout] error[E0308]: mismatched types
[INFO] [stdout]    --> rusty-visuals/src/grid.rs:198:30
[INFO] [stdout]     |
[INFO] [stdout] 198 |         let grid = Grid::new(&rect, &grid_cells);
[INFO] [stdout]     |                    --------- ^^^^^ expected `Rect`, found `&Rect<{float}>`
[INFO] [stdout]     |                    |
[INFO] [stdout]     |                    arguments to this function are incorrect
[INFO] [stdout]     |
[INFO] [stdout]     = note: expected struct `nannou::geom::Rect`
[INFO] [stdout]             found reference `&nannou::geom::Rect<{float}>`
[INFO] [stdout] note: associated function defined here
[INFO] [stdout]    --> rusty-visuals/src/grid.rs:70:12
[INFO] [stdout]     |
[INFO] [stdout] 70  |     pub fn new(bounding_rect: Rect, num_cells: &CellIndex) -> Self {
[INFO] [stdout]     |            ^^^ -------------------
[INFO] [stdout] help: consider removing the borrow
[INFO] [stdout]     |
[INFO] [stdout] 198 -         let grid = Grid::new(&rect, &grid_cells);
[INFO] [stdout] 198 +         let grid = Grid::new(rect, &grid_cells);
[INFO] [stdout]     |
[INFO] [stdout] 
[INFO] [stdout] 
[INFO] [stdout] error[E0308]: mismatched types
[INFO] [stdout]    --> rusty-visuals/src/grid.rs:221:30
[INFO] [stdout]     |
[INFO] [stdout] 221 |         let grid = Grid::new(&rect, &grid_cells);
[INFO] [stdout]     |                    --------- ^^^^^ expected `Rect`, found `&Rect<{float}>`
[INFO] [stdout]     |                    |
[INFO] [stdout]     |                    arguments to this function are incorrect
[INFO] [stdout]     |
[INFO] [stdout]     = note: expected struct `nannou::geom::Rect`
[INFO] [stdout]             found reference `&nannou::geom::Rect<{float}>`
[INFO] [stdout] note: associated function defined here
[INFO] [stdout]    --> rusty-visuals/src/grid.rs:70:12
[INFO] [stdout]     |
[INFO] [stdout] 70  |     pub fn new(bounding_rect: Rect, num_cells: &CellIndex) -> Self {
[INFO] [stdout]     |            ^^^ -------------------
[INFO] [stdout] help: consider removing the borrow
[INFO] [stdout]     |
[INFO] [stdout] 221 -         let grid = Grid::new(&rect, &grid_cells);
[INFO] [stdout] 221 +         let grid = Grid::new(rect, &grid_cells);
[INFO] [stdout]     |
[INFO] [stdout] 
[INFO] [stdout] 
[INFO] [stdout] error[E0308]: mismatched types
[INFO] [stdout]    --> rusty-visuals/src/grid.rs:251:30
[INFO] [stdout]     |
[INFO] [stdout] 251 |         let grid = Grid::new(&rect, &grid_cells);
[INFO] [stdout]     |                    --------- ^^^^^ expected `Rect`, found `&Rect<{float}>`
[INFO] [stdout]     |                    |
[INFO] [stdout]     |                    arguments to this function are incorrect
[INFO] [stdout]     |
[INFO] [stdout]     = note: expected struct `nannou::geom::Rect`
[INFO] [stdout]             found reference `&nannou::geom::Rect<{float}>`
[INFO] [stdout] note: associated function defined here
[INFO] [stdout]    --> rusty-visuals/src/grid.rs:70:12
[INFO] [stdout]     |
[INFO] [stdout] 70  |     pub fn new(bounding_rect: Rect, num_cells: &CellIndex) -> Self {
[INFO] [stdout]     |            ^^^ -------------------
[INFO] [stdout] help: consider removing the borrow
[INFO] [stdout]     |
[INFO] [stdout] 251 -         let grid = Grid::new(&rect, &grid_cells);
[INFO] [stdout] 251 +         let grid = Grid::new(rect, &grid_cells);
[INFO] [stdout]     |
[INFO] [stdout] 
[INFO] [stdout] 
[INFO] [stdout] error[E0308]: mismatched types
[INFO] [stdout]    --> rusty-visuals/src/grid.rs:292:30
[INFO] [stdout]     |
[INFO] [stdout] 292 |         let grid = Grid::new(&rect, &grid_cells);
[INFO] [stdout]     |                    --------- ^^^^^ expected `Rect`, found `&Rect<{float}>`
[INFO] [stdout]     |                    |
[INFO] [stdout]     |                    arguments to this function are incorrect
[INFO] [stdout]     |
[INFO] [stdout]     = note: expected struct `nannou::geom::Rect`
[INFO] [stdout]             found reference `&nannou::geom::Rect<{float}>`
[INFO] [stdout] note: associated function defined here
[INFO] [stdout]    --> rusty-visuals/src/grid.rs:70:12
[INFO] [stdout]     |
[INFO] [stdout] 70  |     pub fn new(bounding_rect: Rect, num_cells: &CellIndex) -> Self {
[INFO] [stdout]     |            ^^^ -------------------
[INFO] [stdout] help: consider removing the borrow
[INFO] [stdout]     |
[INFO] [stdout] 292 -         let grid = Grid::new(&rect, &grid_cells);
[INFO] [stdout] 292 +         let grid = Grid::new(rect, &grid_cells);
[INFO] [stdout]     |
[INFO] [stdout] 
[INFO] [stdout] 
[INFO] [stdout] error: aborting due to 5 previous errors
[INFO] [stdout] 
[INFO] [stdout] 
[INFO] [stdout] For more information about this error, try `rustc --explain E0308`.
[INFO] [stdout] 
[INFO] [stderr] error: could not compile `rusty-visuals` (lib test) due to 6 previous errors
[INFO] [stderr] warning: build failed, waiting for other jobs to finish...
[INFO] [stdout] error: expected `;`, found keyword `let`
[INFO] [stdout]    --> rusty-visuals/src/basics/shapes/shapes_from_agents.rs:106:46
[INFO] [stdout]     |
[INFO] [stdout] 106 |     builder.cubic_bezier_to(ctrl1, ctrl2, to)
[INFO] [stdout]     |                                              ^ help: add `;` here
[INFO] [stdout] 107 |     let path = builder.build();
[INFO] [stdout]     |     --- unexpected token
[INFO] [stdout] 
[INFO] [stdout] 
[INFO] [stdout] error[E0061]: this method takes 0 arguments but 1 argument was supplied
[INFO] [stdout]   --> rusty-visuals/src/ecosystem/main.rs:32:13
[INFO] [stdout]    |
[INFO] [stdout] 32 |     m.mover.update(window_rect);
[INFO] [stdout]    |             ^^^^^^ -----------
[INFO] [stdout]    |                    |
[INFO] [stdout]    |                    unexpected argument of type `nannou::geom::Rect`
[INFO] [stdout]    |                    help: remove the extra argument
[INFO] [stdout]    |
[INFO] [stdout] note: method defined here
[INFO] [stdout]   --> /opt/rustwide/workdir/rusty-visuals/src/mover.rs:57:12
[INFO] [stdout]    |
[INFO] [stdout] 57 |     pub fn update(&mut self) {
[INFO] [stdout]    |            ^^^^^^
[INFO] [stdout] 
[INFO] [stdout] 
[INFO] [stdout] error[E0061]: this method takes 0 arguments but 1 argument was supplied
[INFO] [stdout]   --> rusty-visuals/src/nature_of_code/forces/gravity.rs:34:13
[INFO] [stdout]    |
[INFO] [stdout] 34 |     m.mover.update(app.window_rect());
[INFO] [stdout]    |             ^^^^^^ -----------------
[INFO] [stdout]    |                    |
[INFO] [stdout]    |                    unexpected argument of type `nannou::geom::Rect`
[INFO] [stdout]    |                    help: remove the extra argument
[INFO] [stdout]    |
[INFO] [stdout] note: method defined here
[INFO] [stdout]   --> /opt/rustwide/workdir/rusty-visuals/src/mover.rs:57:12
[INFO] [stdout]    |
[INFO] [stdout] 57 |     pub fn update(&mut self) {
[INFO] [stdout]    |            ^^^^^^
[INFO] [stdout] 
[INFO] [stdout] 
[INFO] [stdout] error: aborting due to previous error
[INFO] [stdout] 
[INFO] [stdout] 
[INFO] [stdout] warning: unused import: `rusty_visuals::colorer`
[INFO] [stdout]  --> rusty-visuals/src/basics/shapes/shapes_from_agents.rs:6:5
[INFO] [stdout]   |
[INFO] [stdout] 6 | use rusty_visuals::colorer::*;
[INFO] [stdout]   |     ^^^^^^^^^^^^^^^^^^^^^^
[INFO] [stdout]   |
[INFO] [stdout]   = note: `#[warn(unused_imports)]` on by default
[INFO] [stdout] 
[INFO] [stdout] 
[INFO] [stdout] error: aborting due to previous error
[INFO] [stdout] 
[INFO] [stdout] 
[INFO] [stdout] For more information about this error, try `rustc --explain E0061`.
[INFO] [stdout] 
[INFO] [stdout] error: aborting due to previous error; 1 warning emitted
[INFO] [stdout] 
[INFO] [stdout] 
[INFO] [stdout] For more information about this error, try `rustc --explain E0061`.
[INFO] [stdout] 
[INFO] [stderr] error: could not compile `rusty-visuals` (bin "ecosystem") due to 2 previous errors
[INFO] [stderr] error: could not compile `rusty-visuals` (bin "shapes_from_agents" test) due to 2 previous errors; 1 warning emitted
[INFO] [stderr] error: could not compile `rusty-visuals` (bin "gravity") due to 2 previous errors
[INFO] [stdout] error[E0433]: failed to resolve: could not find `NoiseColorer` in `colorer`
[INFO] [stdout]   --> rusty-visuals/src/art/lined_beach.rs:25:28
[INFO] [stdout]    |
[INFO] [stdout] 25 |     let colorer = colorer::NoiseColorer::new(Hsv::new(36.0, 0.53, 0.63), vec2(29.0, 42.0));
[INFO] [stdout]    |                            ^^^^^^^^^^^^
[INFO] [stdout]    |                            |
[INFO] [stdout]    |                            could not find `NoiseColorer` in `colorer`
[INFO] [stdout]    |                            help: a trait with a similar name exists: `GridColorer`
[INFO] [stdout] 
[INFO] [stdout] 
[INFO] [stdout] error[E0308]: mismatched types
[INFO] [stdout]   --> rusty-visuals/src/art/lined_beach.rs:58:32
[INFO] [stdout]    |
[INFO] [stdout] 58 |     let grid = grid::Grid::new(&positioning_rect, total_num_cells);
[INFO] [stdout]    |                --------------- ^^^^^^^^^^^^^^^^^ expected `Rect`, found `&Rect`
[INFO] [stdout]    |                |
[INFO] [stdout]    |                arguments to this function are incorrect
[INFO] [stdout]    |
[INFO] [stdout]    = note: expected struct `nannou::geom::Rect`
[INFO] [stdout]            found reference `&nannou::geom::Rect`
[INFO] [stdout] note: associated function defined here
[INFO] [stdout]   --> /opt/rustwide/workdir/rusty-visuals/src/grid.rs:70:12
[INFO] [stdout]    |
[INFO] [stdout] 70 |     pub fn new(bounding_rect: Rect, num_cells: &CellIndex) -> Self {
[INFO] [stdout]    |            ^^^
[INFO] [stdout] help: consider removing the borrow
[INFO] [stdout]    |
[INFO] [stdout] 58 -     let grid = grid::Grid::new(&positioning_rect, total_num_cells);
[INFO] [stdout] 58 +     let grid = grid::Grid::new(positioning_rect, total_num_cells);
[INFO] [stdout]    |
[INFO] [stdout] 
[INFO] [stdout] 
[INFO] [stdout] error: aborting due to 2 previous errors
[INFO] [stdout] 
[INFO] [stdout] 
[INFO] [stdout] Some errors have detailed explanations: E0308, E0433.
[INFO] [stdout] 
[INFO] [stdout] For more information about an error, try `rustc --explain E0308`.
[INFO] [stdout] 
[INFO] [stderr] error: could not compile `rusty-visuals` (bin "lined_beach" test) due to 3 previous errors
[INFO] running `Command { std: "docker" "inspect" "4495ae717dd7b47c9d7b0cdb83f21bc36281aeafa6141954fae58d288053200e", kill_on_drop: false }`
[INFO] running `Command { std: "docker" "rm" "-f" "4495ae717dd7b47c9d7b0cdb83f21bc36281aeafa6141954fae58d288053200e", kill_on_drop: false }`
[INFO] [stdout] 4495ae717dd7b47c9d7b0cdb83f21bc36281aeafa6141954fae58d288053200e
